{"id":20,"date":"2019-07-15T10:24:10","date_gmt":"2019-07-15T08:24:10","guid":{"rendered":"http:\/\/harmony-couleurs.com\/?page_id=20"},"modified":"2026-07-30T08:24:23","modified_gmt":"2026-07-30T06:24:23","slug":"mon-histoire","status":"publish","type":"page","link":"https:\/\/harmony-couleurs.com\/index.php\/mon-histoire\/","title":{"rendered":"Mon histoire"},"content":{"rendered":"\n<p class=\"wp-block-paragraph\"><strong>Je m\u2019appelle St\u00e9phanie, je suis illustratrice et peintre<\/strong>.<\/p>\n\n\n\n<div class=\"wp-block-media-text is-stacked-on-mobile\"><figure class=\"wp-block-media-text__media\"><img data-recalc-dims=\"1\" loading=\"lazy\" decoding=\"async\" width=\"880\" height=\"587\" src=\"https:\/\/i0.wp.com\/harmony-couleurs.com\/wp-content\/uploads\/2025\/06\/SV.jpg?resize=880%2C587&#038;ssl=1\" alt=\"\" class=\"wp-image-3025 size-full\" srcset=\"https:\/\/i0.wp.com\/harmony-couleurs.com\/wp-content\/uploads\/2025\/06\/SV.jpg?resize=1024%2C683&amp;ssl=1 1024w, https:\/\/i0.wp.com\/harmony-couleurs.com\/wp-content\/uploads\/2025\/06\/SV.jpg?resize=300%2C200&amp;ssl=1 300w, https:\/\/i0.wp.com\/harmony-couleurs.com\/wp-content\/uploads\/2025\/06\/SV.jpg?resize=768%2C512&amp;ssl=1 768w, https:\/\/i0.wp.com\/harmony-couleurs.com\/wp-content\/uploads\/2025\/06\/SV.jpg?resize=1536%2C1024&amp;ssl=1 1536w, https:\/\/i0.wp.com\/harmony-couleurs.com\/wp-content\/uploads\/2025\/06\/SV.jpg?resize=500%2C333&amp;ssl=1 500w, https:\/\/i0.wp.com\/harmony-couleurs.com\/wp-content\/uploads\/2025\/06\/SV.jpg?resize=800%2C533&amp;ssl=1 800w, https:\/\/i0.wp.com\/harmony-couleurs.com\/wp-content\/uploads\/2025\/06\/SV.jpg?resize=1280%2C853&amp;ssl=1 1280w, https:\/\/i0.wp.com\/harmony-couleurs.com\/wp-content\/uploads\/2025\/06\/SV.jpg?resize=507%2C338&amp;ssl=1 507w, https:\/\/i0.wp.com\/harmony-couleurs.com\/wp-content\/uploads\/2025\/06\/SV.jpg?resize=600%2C400&amp;ssl=1 600w, https:\/\/i0.wp.com\/harmony-couleurs.com\/wp-content\/uploads\/2025\/06\/SV.jpg?resize=1200%2C800&amp;ssl=1 1200w, https:\/\/i0.wp.com\/harmony-couleurs.com\/wp-content\/uploads\/2025\/06\/SV.jpg?w=1920&amp;ssl=1 1920w, https:\/\/i0.wp.com\/harmony-couleurs.com\/wp-content\/uploads\/2025\/06\/SV.jpg?w=1760&amp;ssl=1 1760w\" sizes=\"auto, (max-width: 880px) 100vw, 880px\" \/><\/figure><div class=\"wp-block-media-text__content\">\n<p class=\"wp-block-paragraph\">Mon histoire. Passionn\u00e9e par la cr\u00e9ation, j\u2019ai suivi une formation en communication visuelle et en arts appliqu\u00e9s, qui m\u2019a permis de d\u00e9velopper des comp\u00e9tences en design graphique, en design d\u2019objet et en travail de la couleur. Apr\u00e8s plus de quinze ann\u00e9es d\u2019exp\u00e9rience en tant que graphiste et \u00e0 la suite de la fin de mon activit\u00e9 salari\u00e9e, j\u2019ai choisi de faire une pause de quelques mois pour me consacrer \u00e0 la peinture.<\/p>\n<\/div><\/div>\n\n\n\n<div class=\"wp-block-media-text has-media-on-the-right is-stacked-on-mobile\" style=\"grid-template-columns:auto 26%\"><div class=\"wp-block-media-text__content\">\n<p class=\"wp-block-paragraph\"> J\u2019\u00e9prouvais le besoin de laisser s\u2019exprimer ma cr\u00e9ativit\u00e9 et mes \u00e9motions, que je n\u2019avais pas eu l\u2019occasion de d\u00e9velopper pleinement au cours de mes diff\u00e9rentes exp\u00e9riences professionnelles. C&rsquo;est en 2020 que j&rsquo;ai choisi  de d\u00e9velopper mon activit\u00e9 ind\u00e9pendante afin de r\u00e9unir ce qui m\u2019anime profond\u00e9ment : l\u2019illustration, la peinture et la transmission. Curieuse et toujours en recherche de nouvelles formes d\u2019expression, j\u2019aime explorer des univers vari\u00e9s et adapter mon travail \u00e0 diff\u00e9rents supports. Harmony.sv est install\u00e9 \u00e0 Ploz\u00e9vet dans le Pays Bigouden en Bretagne. <\/p>\n<\/div><figure class=\"wp-block-media-text__media\"><img data-recalc-dims=\"1\" loading=\"lazy\" decoding=\"async\" width=\"880\" height=\"880\" src=\"https:\/\/i0.wp.com\/harmony-couleurs.com\/wp-content\/uploads\/2022\/03\/7.jpg?resize=880%2C880&#038;ssl=1\" alt=\"St\u00e9phanie Veillard ateliers\" class=\"wp-image-1702 size-full\" srcset=\"https:\/\/i0.wp.com\/harmony-couleurs.com\/wp-content\/uploads\/2022\/03\/7-e1746691936610.jpg?resize=1024%2C1024&amp;ssl=1 1024w, https:\/\/i0.wp.com\/harmony-couleurs.com\/wp-content\/uploads\/2022\/03\/7-e1746691936610.jpg?resize=300%2C300&amp;ssl=1 300w, https:\/\/i0.wp.com\/harmony-couleurs.com\/wp-content\/uploads\/2022\/03\/7-e1746691936610.jpg?resize=150%2C150&amp;ssl=1 150w, https:\/\/i0.wp.com\/harmony-couleurs.com\/wp-content\/uploads\/2022\/03\/7-e1746691936610.jpg?resize=768%2C768&amp;ssl=1 768w, https:\/\/i0.wp.com\/harmony-couleurs.com\/wp-content\/uploads\/2022\/03\/7-e1746691936610.jpg?resize=1536%2C1536&amp;ssl=1 1536w, https:\/\/i0.wp.com\/harmony-couleurs.com\/wp-content\/uploads\/2022\/03\/7-e1746691936610.jpg?resize=500%2C500&amp;ssl=1 500w, https:\/\/i0.wp.com\/harmony-couleurs.com\/wp-content\/uploads\/2022\/03\/7-e1746691936610.jpg?resize=800%2C800&amp;ssl=1 800w, https:\/\/i0.wp.com\/harmony-couleurs.com\/wp-content\/uploads\/2022\/03\/7-e1746691936610.jpg?resize=1280%2C1280&amp;ssl=1 1280w, https:\/\/i0.wp.com\/harmony-couleurs.com\/wp-content\/uploads\/2022\/03\/7-e1746691936610.jpg?resize=1920%2C1920&amp;ssl=1 1920w, https:\/\/i0.wp.com\/harmony-couleurs.com\/wp-content\/uploads\/2022\/03\/7-e1746691936610.jpg?resize=200%2C200&amp;ssl=1 200w, https:\/\/i0.wp.com\/harmony-couleurs.com\/wp-content\/uploads\/2022\/03\/7-e1746691936610.jpg?resize=280%2C280&amp;ssl=1 280w, https:\/\/i0.wp.com\/harmony-couleurs.com\/wp-content\/uploads\/2022\/03\/7-e1746691936610.jpg?resize=690%2C690&amp;ssl=1 690w, https:\/\/i0.wp.com\/harmony-couleurs.com\/wp-content\/uploads\/2022\/03\/7-e1746691936610.jpg?resize=600%2C600&amp;ssl=1 600w, https:\/\/i0.wp.com\/harmony-couleurs.com\/wp-content\/uploads\/2022\/03\/7-e1746691936610.jpg?resize=100%2C100&amp;ssl=1 100w, https:\/\/i0.wp.com\/harmony-couleurs.com\/wp-content\/uploads\/2022\/03\/7-e1746691936610.jpg?w=2000&amp;ssl=1 2000w, https:\/\/i0.wp.com\/harmony-couleurs.com\/wp-content\/uploads\/2022\/03\/7.jpg?w=1760&amp;ssl=1 1760w\" sizes=\"auto, (max-width: 880px) 100vw, 880px\" \/><\/figure><\/div>\n\n\n\n<div class=\"wp-block-media-text is-stacked-on-mobile\" style=\"grid-template-columns:26% auto\"><figure class=\"wp-block-media-text__media\"><img data-recalc-dims=\"1\" loading=\"lazy\" decoding=\"async\" width=\"768\" height=\"1024\" src=\"https:\/\/i0.wp.com\/harmony-couleurs.com\/wp-content\/uploads\/2026\/01\/IMG_2685.jpg?resize=768%2C1024&#038;ssl=1\" alt=\"Cr\u00e9ations graphiques, illustrations Bretagne\" class=\"wp-image-3125 size-full\" srcset=\"https:\/\/i0.wp.com\/harmony-couleurs.com\/wp-content\/uploads\/2026\/01\/IMG_2685-scaled.jpg?resize=768%2C1024&amp;ssl=1 768w, https:\/\/i0.wp.com\/harmony-couleurs.com\/wp-content\/uploads\/2026\/01\/IMG_2685-scaled.jpg?resize=225%2C300&amp;ssl=1 225w, https:\/\/i0.wp.com\/harmony-couleurs.com\/wp-content\/uploads\/2026\/01\/IMG_2685-scaled.jpg?resize=1152%2C1536&amp;ssl=1 1152w, https:\/\/i0.wp.com\/harmony-couleurs.com\/wp-content\/uploads\/2026\/01\/IMG_2685-scaled.jpg?resize=1536%2C2048&amp;ssl=1 1536w, https:\/\/i0.wp.com\/harmony-couleurs.com\/wp-content\/uploads\/2026\/01\/IMG_2685-scaled.jpg?resize=500%2C667&amp;ssl=1 500w, https:\/\/i0.wp.com\/harmony-couleurs.com\/wp-content\/uploads\/2026\/01\/IMG_2685-scaled.jpg?resize=800%2C1067&amp;ssl=1 800w, https:\/\/i0.wp.com\/harmony-couleurs.com\/wp-content\/uploads\/2026\/01\/IMG_2685-scaled.jpg?resize=1280%2C1707&amp;ssl=1 1280w, https:\/\/i0.wp.com\/harmony-couleurs.com\/wp-content\/uploads\/2026\/01\/IMG_2685-scaled.jpg?w=1920&amp;ssl=1 1920w, https:\/\/i0.wp.com\/harmony-couleurs.com\/wp-content\/uploads\/2026\/01\/IMG_2685-scaled.jpg?resize=600%2C800&amp;ssl=1 600w, https:\/\/i0.wp.com\/harmony-couleurs.com\/wp-content\/uploads\/2026\/01\/IMG_2685-scaled.jpg?w=1760&amp;ssl=1 1760w\" sizes=\"auto, (max-width: 768px) 100vw, 768px\" \/><\/figure><div class=\"wp-block-media-text__content\">\n<p class=\"wp-block-paragraph\">\u00c0 travers un univers inspir\u00e9 des paysages, de la mer et de la nature, je d\u00e9veloppe des collaborations en cr\u00e9ant des cr\u00e9ations originales qui s&rsquo;int\u00e8grent sur diff\u00e9rents supports, du textile aux projets culturels, p\u00e9dagogiques et d\u00e9coratifs. Dans un style \u00e9pur\u00e9 et graphique, j&rsquo;aime m\u00e9langer les couleurs et apporter une touche de po\u00e9sie dans mes cr\u00e9ations.<\/p>\n<\/div><\/div>\n\n\n\n<p class=\"wp-block-paragraph\"><strong>Mes domaines d\u2019intervention<\/strong><\/p>\n\n\n\n<ul class=\"wp-block-list\">\n<li>Illustrations personnalis\u00e9es pour enrichir vos supports.<\/li>\n\n\n\n<li>Illustrations originales pour la communication, l\u2019\u00e9dition.<\/li>\n\n\n\n<li>Illustrations pour supports p\u00e9dagogiques, culturels.<\/li>\n\n\n\n<li>Supports imprim\u00e9s : affiches, brochures, d\u00e9pliants, livrets, cartes et publications.<\/li>\n\n\n\n<li>Mise en page de documents de communication et d\u2019\u00e9dition.<\/li>\n<\/ul>\n\n\n\n<p class=\"wp-block-paragraph\">Une question, un projet ? N\u2019h\u00e9sitez pas \u00e0 <a href=\"https:\/\/harmony-couleurs.com\/index.php\/me-contacter-3\/\">me contacter<\/a> pour toute question, \u00e0 bient\u00f4t !<\/p>\n\n\n\n<p class=\"wp-block-paragraph\"><\/p>\n","protected":false},"excerpt":{"rendered":"<p>Je m\u2019appelle St\u00e9phanie, je suis illustratrice et peintre. Mon histoire. Passionn\u00e9e par la cr\u00e9ation, j\u2019ai suivi une formation en communication<\/p>\n<p><a href=\"https:\/\/harmony-couleurs.com\/index.php\/mon-histoire\/\" class=\"more-link\">Continue reading<span class=\"screen-reader-text\">Mon histoire<\/span><\/a><\/p>\n","protected":false},"author":1,"featured_media":0,"parent":0,"menu_order":0,"comment_status":"closed","ping_status":"closed","template":"","meta":{"_themeisle_gutenberg_block_has_review":false,"_vp_format_video_url":"","_vp_image_focal_point":[],"footnotes":""},"class_list":["post-20","page","type-page","status-publish","hentry"],"jetpack_sharing_enabled":true,"_links":{"self":[{"href":"https:\/\/harmony-couleurs.com\/index.php\/wp-json\/wp\/v2\/pages\/20","targetHints":{"allow":["GET"]}}],"collection":[{"href":"https:\/\/harmony-couleurs.com\/index.php\/wp-json\/wp\/v2\/pages"}],"about":[{"href":"https:\/\/harmony-couleurs.com\/index.php\/wp-json\/wp\/v2\/types\/page"}],"author":[{"embeddable":true,"href":"https:\/\/harmony-couleurs.com\/index.php\/wp-json\/wp\/v2\/users\/1"}],"replies":[{"embeddable":true,"href":"https:\/\/harmony-couleurs.com\/index.php\/wp-json\/wp\/v2\/comments?post=20"}],"version-history":[{"count":64,"href":"https:\/\/harmony-couleurs.com\/index.php\/wp-json\/wp\/v2\/pages\/20\/revisions"}],"predecessor-version":[{"id":3535,"href":"https:\/\/harmony-couleurs.com\/index.php\/wp-json\/wp\/v2\/pages\/20\/revisions\/3535"}],"wp:attachment":[{"href":"https:\/\/harmony-couleurs.com\/index.php\/wp-json\/wp\/v2\/media?parent=20"}],"curies":[{"name":"wp","href":"https:\/\/api.w.org\/{rel}","templated":true}]}}

<p class="wp-block-paragraph"><strong>Je m’appelle Stéphanie, je suis illustratrice et peintre</strong>.</p>



<div class="wp-block-media-text is-stacked-on-mobile"><figure class="wp-block-media-text__media"><img data-recalc-dims="1" loading="lazy" decoding="async" width="880" height="587" src="https://i0.wp.com/harmony-couleurs.com/wp-content/uploads/2025/06/SV.jpg?resize=880%2C587&#038;ssl=1" alt="" class="wp-image-3025 size-full" srcset="https://i0.wp.com/harmony-couleurs.com/wp-content/uploads/2025/06/SV.jpg?resize=1024%2C683&amp;ssl=1 1024w, https://i0.wp.com/harmony-couleurs.com/wp-content/uploads/2025/06/SV.jpg?resize=300%2C200&amp;ssl=1 300w, https://i0.wp.com/harmony-couleurs.com/wp-content/uploads/2025/06/SV.jpg?resize=768%2C512&amp;ssl=1 768w, https://i0.wp.com/harmony-couleurs.com/wp-content/uploads/2025/06/SV.jpg?resize=1536%2C1024&amp;ssl=1 1536w, https://i0.wp.com/harmony-couleurs.com/wp-content/uploads/2025/06/SV.jpg?resize=500%2C333&amp;ssl=1 500w, https://i0.wp.com/harmony-couleurs.com/wp-content/uploads/2025/06/SV.jpg?resize=800%2C533&amp;ssl=1 800w, https://i0.wp.com/harmony-couleurs.com/wp-content/uploads/2025/06/SV.jpg?resize=1280%2C853&amp;ssl=1 1280w, https://i0.wp.com/harmony-couleurs.com/wp-content/uploads/2025/06/SV.jpg?resize=507%2C338&amp;ssl=1 507w, https://i0.wp.com/harmony-couleurs.com/wp-content/uploads/2025/06/SV.jpg?resize=600%2C400&amp;ssl=1 600w, https://i0.wp.com/harmony-couleurs.com/wp-content/uploads/2025/06/SV.jpg?resize=1200%2C800&amp;ssl=1 1200w, https://i0.wp.com/harmony-couleurs.com/wp-content/uploads/2025/06/SV.jpg?w=1920&amp;ssl=1 1920w, https://i0.wp.com/harmony-couleurs.com/wp-content/uploads/2025/06/SV.jpg?w=1760&amp;ssl=1 1760w" sizes="auto, (max-width: 880px) 100vw, 880px" /></figure><div class="wp-block-media-text__content">
<p class="wp-block-paragraph">Mon histoire. Passionnée par la création, j’ai suivi une formation en communication visuelle et en arts appliqués, qui m’a permis de développer des compétences en design graphique, en design d’objet et en travail de la couleur. Après plus de quinze années d’expérience en tant que graphiste et à la suite de la fin de mon activité salariée, j’ai choisi de faire une pause de quelques mois pour me consacrer à la peinture.</p>
</div></div>



<div class="wp-block-media-text has-media-on-the-right is-stacked-on-mobile" style="grid-template-columns:auto 26%"><div class="wp-block-media-text__content">
<p class="wp-block-paragraph"> J’éprouvais le besoin de laisser s’exprimer ma créativité et mes émotions, que je n’avais pas eu l’occasion de développer pleinement au cours de mes différentes expériences professionnelles. C&rsquo;est en 2020 que j&rsquo;ai choisi  de développer mon activité indépendante afin de réunir ce qui m’anime profondément : l’illustration, la peinture et la transmission. Curieuse et toujours en recherche de nouvelles formes d’expression, j’aime explorer des univers variés et adapter mon travail à différents supports. Harmony.sv est installé à Plozévet dans le Pays Bigouden en Bretagne. </p>
</div><figure class="wp-block-media-text__media"><img data-recalc-dims="1" loading="lazy" decoding="async" width="880" height="880" src="https://i0.wp.com/harmony-couleurs.com/wp-content/uploads/2022/03/7.jpg?resize=880%2C880&#038;ssl=1" alt="Stéphanie Veillard ateliers" class="wp-image-1702 size-full" srcset="https://i0.wp.com/harmony-couleurs.com/wp-content/uploads/2022/03/7-e1746691936610.jpg?resize=1024%2C1024&amp;ssl=1 1024w, https://i0.wp.com/harmony-couleurs.com/wp-content/uploads/2022/03/7-e1746691936610.jpg?resize=300%2C300&amp;ssl=1 300w, https://i0.wp.com/harmony-couleurs.com/wp-content/uploads/2022/03/7-e1746691936610.jpg?resize=150%2C150&amp;ssl=1 150w, https://i0.wp.com/harmony-couleurs.com/wp-content/uploads/2022/03/7-e1746691936610.jpg?resize=768%2C768&amp;ssl=1 768w, https://i0.wp.com/harmony-couleurs.com/wp-content/uploads/2022/03/7-e1746691936610.jpg?resize=1536%2C1536&amp;ssl=1 1536w, https://i0.wp.com/harmony-couleurs.com/wp-content/uploads/2022/03/7-e1746691936610.jpg?resize=500%2C500&amp;ssl=1 500w, https://i0.wp.com/harmony-couleurs.com/wp-content/uploads/2022/03/7-e1746691936610.jpg?resize=800%2C800&amp;ssl=1 800w, https://i0.wp.com/harmony-couleurs.com/wp-content/uploads/2022/03/7-e1746691936610.jpg?resize=1280%2C1280&amp;ssl=1 1280w, https://i0.wp.com/harmony-couleurs.com/wp-content/uploads/2022/03/7-e1746691936610.jpg?resize=1920%2C1920&amp;ssl=1 1920w, https://i0.wp.com/harmony-couleurs.com/wp-content/uploads/2022/03/7-e1746691936610.jpg?resize=200%2C200&amp;ssl=1 200w, https://i0.wp.com/harmony-couleurs.com/wp-content/uploads/2022/03/7-e1746691936610.jpg?resize=280%2C280&amp;ssl=1 280w, https://i0.wp.com/harmony-couleurs.com/wp-content/uploads/2022/03/7-e1746691936610.jpg?resize=690%2C690&amp;ssl=1 690w, https://i0.wp.com/harmony-couleurs.com/wp-content/uploads/2022/03/7-e1746691936610.jpg?resize=600%2C600&amp;ssl=1 600w, https://i0.wp.com/harmony-couleurs.com/wp-content/uploads/2022/03/7-e1746691936610.jpg?resize=100%2C100&amp;ssl=1 100w, https://i0.wp.com/harmony-couleurs.com/wp-content/uploads/2022/03/7-e1746691936610.jpg?w=2000&amp;ssl=1 2000w, https://i0.wp.com/harmony-couleurs.com/wp-content/uploads/2022/03/7.jpg?w=1760&amp;ssl=1 1760w" sizes="auto, (max-width: 880px) 100vw, 880px" /></figure></div>



<div class="wp-block-media-text is-stacked-on-mobile" style="grid-template-columns:26% auto"><figure class="wp-block-media-text__media"><img data-recalc-dims="1" loading="lazy" decoding="async" width="768" height="1024" src="https://i0.wp.com/harmony-couleurs.com/wp-content/uploads/2026/01/IMG_2685.jpg?resize=768%2C1024&#038;ssl=1" alt="Créations graphiques, illustrations Bretagne" class="wp-image-3125 size-full" srcset="https://i0.wp.com/harmony-couleurs.com/wp-content/uploads/2026/01/IMG_2685-scaled.jpg?resize=768%2C1024&amp;ssl=1 768w, https://i0.wp.com/harmony-couleurs.com/wp-content/uploads/2026/01/IMG_2685-scaled.jpg?resize=225%2C300&amp;ssl=1 225w, https://i0.wp.com/harmony-couleurs.com/wp-content/uploads/2026/01/IMG_2685-scaled.jpg?resize=1152%2C1536&amp;ssl=1 1152w, https://i0.wp.com/harmony-couleurs.com/wp-content/uploads/2026/01/IMG_2685-scaled.jpg?resize=1536%2C2048&amp;ssl=1 1536w, https://i0.wp.com/harmony-couleurs.com/wp-content/uploads/2026/01/IMG_2685-scaled.jpg?resize=500%2C667&amp;ssl=1 500w, https://i0.wp.com/harmony-couleurs.com/wp-content/uploads/2026/01/IMG_2685-scaled.jpg?resize=800%2C1067&amp;ssl=1 800w, https://i0.wp.com/harmony-couleurs.com/wp-content/uploads/2026/01/IMG_2685-scaled.jpg?resize=1280%2C1707&amp;ssl=1 1280w, https://i0.wp.com/harmony-couleurs.com/wp-content/uploads/2026/01/IMG_2685-scaled.jpg?w=1920&amp;ssl=1 1920w, https://i0.wp.com/harmony-couleurs.com/wp-content/uploads/2026/01/IMG_2685-scaled.jpg?resize=600%2C800&amp;ssl=1 600w, https://i0.wp.com/harmony-couleurs.com/wp-content/uploads/2026/01/IMG_2685-scaled.jpg?w=1760&amp;ssl=1 1760w" sizes="auto, (max-width: 768px) 100vw, 768px" /></figure><div class="wp-block-media-text__content">
<p class="wp-block-paragraph">À travers un univers inspiré des paysages, de la mer et de la nature, je développe des collaborations en créant des créations originales qui s&rsquo;intègrent sur différents supports, du textile aux projets culturels, pédagogiques et décoratifs. Dans un style épuré et graphique, j&rsquo;aime mélanger les couleurs et apporter une touche de poésie dans mes créations.</p>
</div></div>



<p class="wp-block-paragraph"><strong>Mes domaines d’intervention</strong></p>



<ul class="wp-block-list">
<li>Illustrations personnalisées pour enrichir vos supports.</li>



<li>Illustrations originales pour la communication, l’édition.</li>



<li>Illustrations pour supports pédagogiques, culturels.</li>



<li>Supports imprimés : affiches, brochures, dépliants, livrets, cartes et publications.</li>



<li>Mise en page de documents de communication et d’édition.</li>
</ul>



<p class="wp-block-paragraph">Une question, un projet ? N’hésitez pas à <a href="https://harmony-couleurs.com/index.php/me-contacter-3/">me contacter</a> pour toute question, à bientôt !</p>



<p class="wp-block-paragraph"></p>

<p>Je m’appelle Stéphanie, je suis illustratrice et peintre. Mon histoire. Passionnée par la création, j’ai suivi une formation en communication</p>
<p><a href="https://harmony-couleurs.com/index.php/mon-histoire/" class="more-link">Continue reading<span class="screen-reader-text">Mon histoire</span></a></p>
