{"id":25,"date":"2021-08-17T08:28:59","date_gmt":"2021-08-17T06:28:59","guid":{"rendered":"https:\/\/harmony-couleurs.com\/index.php\/home-2\/"},"modified":"2026-04-22T17:17:35","modified_gmt":"2026-04-22T15:17:35","slug":"home-2","status":"publish","type":"page","link":"https:\/\/harmony-couleurs.com\/","title":{"rendered":"Cr\u00e9ations illustr\u00e9es pour marques, \u00e9ditions et objets imprim\u00e9s"},"content":{"rendered":"\n<div class=\"wp-block-group\"><div class=\"wp-block-group__inner-container is-layout-constrained wp-block-group-is-layout-constrained\">\n<div class=\"wp-block-jetpack-tiled-gallery aligncenter is-style-rectangular\"><div class=\"\"><div class=\"tiled-gallery__gallery\"><div class=\"tiled-gallery__row\"><div class=\"tiled-gallery__col\" style=\"flex-basis:62.61171%\"><figure class=\"tiled-gallery__item\"><img decoding=\"async\" srcset=\"https:\/\/i0.wp.com\/harmony-couleurs.com\/wp-content\/uploads\/2026\/02\/AFF_Tranquille_Cadre-1-1024x1024.jpg?strip=info&#038;w=600&#038;ssl=1 600w,https:\/\/i0.wp.com\/harmony-couleurs.com\/wp-content\/uploads\/2026\/02\/AFF_Tranquille_Cadre-1-1024x1024.jpg?strip=info&#038;w=900&#038;ssl=1 900w,https:\/\/i0.wp.com\/harmony-couleurs.com\/wp-content\/uploads\/2026\/02\/AFF_Tranquille_Cadre-1-1024x1024.jpg?strip=info&#038;w=1200&#038;ssl=1 1200w,https:\/\/i0.wp.com\/harmony-couleurs.com\/wp-content\/uploads\/2026\/02\/AFF_Tranquille_Cadre-1-1024x1024.jpg?strip=info&#038;w=1500&#038;ssl=1 1500w,https:\/\/i0.wp.com\/harmony-couleurs.com\/wp-content\/uploads\/2026\/02\/AFF_Tranquille_Cadre-1-1024x1024.jpg?strip=info&#038;w=1800&#038;ssl=1 1800w,https:\/\/i0.wp.com\/harmony-couleurs.com\/wp-content\/uploads\/2026\/02\/AFF_Tranquille_Cadre-1-1024x1024.jpg?strip=info&#038;w=2000&#038;ssl=1 2000w\" alt=\"Affiche illustration originale po\u00e9tique bord de mer\" data-height=\"2050\" data-id=\"3138\" data-link=\"https:\/\/harmony-couleurs.com\/index.php\/home-2\/aff_tranquille_cadre-2\/\" data-url=\"https:\/\/harmony-couleurs.com\/wp-content\/uploads\/2026\/02\/AFF_Tranquille_Cadre-1-1024x1024.jpg\" data-width=\"2050\" src=\"https:\/\/i0.wp.com\/harmony-couleurs.com\/wp-content\/uploads\/2026\/02\/AFF_Tranquille_Cadre-1-1024x1024.jpg?ssl=1\" data-amp-layout=\"responsive\"\/><\/figure><\/div><div class=\"tiled-gallery__col\" style=\"flex-basis:37.38829%\"><figure class=\"tiled-gallery__item\"><img decoding=\"async\" srcset=\"https:\/\/i0.wp.com\/harmony-couleurs.com\/wp-content\/uploads\/2026\/03\/IMG_2823-1024x1024.jpg?strip=info&#038;w=600&#038;ssl=1 600w,https:\/\/i0.wp.com\/harmony-couleurs.com\/wp-content\/uploads\/2026\/03\/IMG_2823-1024x1024.jpg?strip=info&#038;w=900&#038;ssl=1 900w,https:\/\/i0.wp.com\/harmony-couleurs.com\/wp-content\/uploads\/2026\/03\/IMG_2823-1024x1024.jpg?strip=info&#038;w=1200&#038;ssl=1 1200w,https:\/\/i0.wp.com\/harmony-couleurs.com\/wp-content\/uploads\/2026\/03\/IMG_2823-1024x1024.jpg?strip=info&#038;w=1500&#038;ssl=1 1500w,https:\/\/i0.wp.com\/harmony-couleurs.com\/wp-content\/uploads\/2026\/03\/IMG_2823-1024x1024.jpg?strip=info&#038;w=1800&#038;ssl=1 1800w,https:\/\/i0.wp.com\/harmony-couleurs.com\/wp-content\/uploads\/2026\/03\/IMG_2823-1024x1024.jpg?strip=info&#038;w=2000&#038;ssl=1 2000w\" alt=\"Poster, affiche illustr\u00e9e \u00e0 la main\" data-height=\"2392\" data-id=\"3216\" data-link=\"https:\/\/harmony-couleurs.com\/index.php\/home-2\/img_2823\/\" data-url=\"https:\/\/harmony-couleurs.com\/wp-content\/uploads\/2026\/03\/IMG_2823-1024x1024.jpg\" data-width=\"2392\" src=\"https:\/\/i0.wp.com\/harmony-couleurs.com\/wp-content\/uploads\/2026\/03\/IMG_2823-1024x1024.jpg?ssl=1\" data-amp-layout=\"responsive\"\/><\/figure><figure class=\"tiled-gallery__item\"><img decoding=\"async\" srcset=\"https:\/\/i0.wp.com\/harmony-couleurs.com\/wp-content\/uploads\/2026\/03\/Mockup_Carnet_WEB-1024x683.jpg?strip=info&#038;w=600&#038;ssl=1 600w,https:\/\/i0.wp.com\/harmony-couleurs.com\/wp-content\/uploads\/2026\/03\/Mockup_Carnet_WEB-1024x683.jpg?strip=info&#038;w=900&#038;ssl=1 900w,https:\/\/i0.wp.com\/harmony-couleurs.com\/wp-content\/uploads\/2026\/03\/Mockup_Carnet_WEB-1024x683.jpg?strip=info&#038;w=1200&#038;ssl=1 1200w,https:\/\/i0.wp.com\/harmony-couleurs.com\/wp-content\/uploads\/2026\/03\/Mockup_Carnet_WEB-1024x683.jpg?strip=info&#038;w=1500&#038;ssl=1 1500w,https:\/\/i0.wp.com\/harmony-couleurs.com\/wp-content\/uploads\/2026\/03\/Mockup_Carnet_WEB-1024x683.jpg?strip=info&#038;w=1800&#038;ssl=1 1800w,https:\/\/i0.wp.com\/harmony-couleurs.com\/wp-content\/uploads\/2026\/03\/Mockup_Carnet_WEB-1024x683.jpg?strip=info&#038;w=2000&#038;ssl=1 2000w\" alt=\"Illustration pour carnet - Papeterie\" data-height=\"1334\" data-id=\"3227\" data-link=\"https:\/\/harmony-couleurs.com\/index.php\/home-2\/mockup_carnet_web\/\" data-url=\"https:\/\/harmony-couleurs.com\/wp-content\/uploads\/2026\/03\/Mockup_Carnet_WEB-1024x683.jpg\" data-width=\"2000\" src=\"https:\/\/i0.wp.com\/harmony-couleurs.com\/wp-content\/uploads\/2026\/03\/Mockup_Carnet_WEB-1024x683.jpg?ssl=1\" data-amp-layout=\"responsive\"\/><\/figure><\/div><\/div><div class=\"tiled-gallery__row\"><div class=\"tiled-gallery__col\" style=\"flex-basis:40.04165%\"><figure class=\"tiled-gallery__item\"><img decoding=\"async\" srcset=\"https:\/\/i0.wp.com\/harmony-couleurs.com\/wp-content\/uploads\/2026\/04\/Gardien_Fond-1024x1024.jpg?strip=info&#038;w=600&#038;ssl=1 600w,https:\/\/i0.wp.com\/harmony-couleurs.com\/wp-content\/uploads\/2026\/04\/Gardien_Fond-1024x1024.jpg?strip=info&#038;w=900&#038;ssl=1 900w,https:\/\/i0.wp.com\/harmony-couleurs.com\/wp-content\/uploads\/2026\/04\/Gardien_Fond-1024x1024.jpg?strip=info&#038;w=1200&#038;ssl=1 1200w,https:\/\/i0.wp.com\/harmony-couleurs.com\/wp-content\/uploads\/2026\/04\/Gardien_Fond-1024x1024.jpg?strip=info&#038;w=1500&#038;ssl=1 1500w,https:\/\/i0.wp.com\/harmony-couleurs.com\/wp-content\/uploads\/2026\/04\/Gardien_Fond-1024x1024.jpg?strip=info&#038;w=1800&#038;ssl=1 1800w,https:\/\/i0.wp.com\/harmony-couleurs.com\/wp-content\/uploads\/2026\/04\/Gardien_Fond-1024x1024.jpg?strip=info&#038;w=2000&#038;ssl=1 2000w\" alt=\"\" data-height=\"2500\" data-id=\"3247\" data-link=\"https:\/\/harmony-couleurs.com\/index.php\/home-2\/gardien_fond\/\" data-url=\"https:\/\/harmony-couleurs.com\/wp-content\/uploads\/2026\/04\/Gardien_Fond-1024x1024.jpg\" data-width=\"2500\" src=\"https:\/\/i0.wp.com\/harmony-couleurs.com\/wp-content\/uploads\/2026\/04\/Gardien_Fond-1024x1024.jpg?ssl=1\" data-amp-layout=\"responsive\"\/><\/figure><\/div><div class=\"tiled-gallery__col\" style=\"flex-basis:59.95835%\"><figure class=\"tiled-gallery__item\"><img decoding=\"async\" srcset=\"https:\/\/i0.wp.com\/harmony-couleurs.com\/wp-content\/uploads\/2026\/04\/COIN_NATURE_CADRE-1024x683.jpg?strip=info&#038;w=600&#038;ssl=1 600w,https:\/\/i0.wp.com\/harmony-couleurs.com\/wp-content\/uploads\/2026\/04\/COIN_NATURE_CADRE-1024x683.jpg?strip=info&#038;w=900&#038;ssl=1 900w,https:\/\/i0.wp.com\/harmony-couleurs.com\/wp-content\/uploads\/2026\/04\/COIN_NATURE_CADRE-1024x683.jpg?strip=info&#038;w=1200&#038;ssl=1 1200w,https:\/\/i0.wp.com\/harmony-couleurs.com\/wp-content\/uploads\/2026\/04\/COIN_NATURE_CADRE-1024x683.jpg?strip=info&#038;w=1500&#038;ssl=1 1500w,https:\/\/i0.wp.com\/harmony-couleurs.com\/wp-content\/uploads\/2026\/04\/COIN_NATURE_CADRE-1024x683.jpg?strip=info&#038;w=1800&#038;ssl=1 1800w,https:\/\/i0.wp.com\/harmony-couleurs.com\/wp-content\/uploads\/2026\/04\/COIN_NATURE_CADRE-1024x683.jpg?strip=info&#038;w=1880&#038;ssl=1 1880w\" alt=\"Affiche illustr\u00e9e Bretagne\" data-height=\"1254\" data-id=\"3237\" data-link=\"https:\/\/harmony-couleurs.com\/index.php\/home-2\/coin_nature_cadre\/\" data-url=\"https:\/\/harmony-couleurs.com\/wp-content\/uploads\/2026\/04\/COIN_NATURE_CADRE-1024x683.jpg\" data-width=\"1880\" src=\"https:\/\/i0.wp.com\/harmony-couleurs.com\/wp-content\/uploads\/2026\/04\/COIN_NATURE_CADRE-1024x683.jpg?ssl=1\" data-amp-layout=\"responsive\"\/><\/figure><\/div><\/div><\/div><\/div><\/div>\n<\/div><\/div>\n\n\n\n<h2 id=\"wp-block-themeisle-blocks-advanced-heading-e824b2b4\" class=\"wp-block-themeisle-blocks-advanced-heading wp-block-themeisle-blocks-advanced-heading-e824b2b4\">Harmony couleurs \/\/ St\u00e9phanie Veillard<\/h2>\n\n\n\n<p><strong>Cr\u00e9er, transmettre, illustrer\u2026 <\/strong><br>Entre graphisme et illustration, je con\u00e7ois des cr\u00e9ations illustr\u00e9es et visuels sur mesure : logos, affiches, illustrations, supports et anime des ateliers pour les esprits cr\u00e9atifs comme pour les projets en qu\u00eate de sens. Je vous aide \u00e0 construire une identit\u00e9 visuelle et \u00e0 communiquer avec authenticit\u00e9 gr\u00e2ce \u00e0 des cr\u00e9ations graphiques pens\u00e9es pour vous.<\/p>\n\n\n\n<div class=\"wp-block-buttons is-content-justification-center is-layout-flex wp-container-core-buttons-is-layout-16018d1d wp-block-buttons-is-layout-flex\">\n<div class=\"wp-block-button\"><a class=\"wp-block-button__link has-blue-background-color has-background wp-element-button\" href=\"https:\/\/harmony-couleurs.com\/index.php\/affiches-bretagne\/\" style=\"font-style:normal;font-weight:100\" target=\"_blank\" rel=\"noreferrer noopener\">illustrations<\/a><\/div>\n\n\n\n<div class=\"wp-block-button\"><a class=\"wp-block-button__link has-blue-background-color has-background wp-element-button\" href=\"https:\/\/harmony-couleurs.com\/index.php\/le-studio-graphique\/\" style=\"font-style:normal;font-weight:100\">Graphisme<\/a><\/div>\n\n\n\n<div class=\"wp-block-button is-style-outline is-style-outline--1\"><a class=\"wp-block-button__link has-blue-background-color has-background wp-element-button\" href=\"https:\/\/harmony-couleurs.com\/index.php\/me-contacter-3\/\" style=\"border-top-left-radius:0px;border-top-right-radius:0px;border-bottom-left-radius:0px;border-bottom-right-radius:0px;font-style:normal;font-weight:100\" target=\"_blank\" rel=\"noreferrer noopener\">Me contacter<\/a><\/div>\n<\/div>\n\n\n\n<h4 class=\"wp-block-heading has-text-align-center\">Harmony couleurs &#8211; St\u00e9phanie Veillard \/\/\/ Cr\u00e9atrice et illustratrice graphique freelance<\/h4>\n\n\n\n<hr class=\"wp-block-separator has-alpha-channel-opacity\"\/>\n\n\n\n<h5 class=\"wp-block-heading\">Me retrouver sur les r\u00e9seaux sociaux <\/h5>\n\n\n\n<ul class=\"wp-block-social-links is-style-logos-only is-layout-flex wp-block-social-links-is-layout-flex\"><li class=\"wp-social-link wp-social-link-instagram  wp-block-social-link\"><a href=\"https:\/\/www.instagram.com\/creationsharmony.sv\/\" class=\"wp-block-social-link-anchor\" target=\"_blank\" rel=\"noopener\"><svg width=\"24\" height=\"24\" viewBox=\"0 0 24 24\" version=\"1.1\" xmlns=\"http:\/\/www.w3.org\/2000\/svg\" aria-hidden=\"true\" focusable=\"false\"><path d=\"M12,4.622c2.403,0,2.688,0.009,3.637,0.052c0.877,0.04,1.354,0.187,1.671,0.31c0.42,0.163,0.72,0.358,1.035,0.673 c0.315,0.315,0.51,0.615,0.673,1.035c0.123,0.317,0.27,0.794,0.31,1.671c0.043,0.949,0.052,1.234,0.052,3.637 s-0.009,2.688-0.052,3.637c-0.04,0.877-0.187,1.354-0.31,1.671c-0.163,0.42-0.358,0.72-0.673,1.035 c-0.315,0.315-0.615,0.51-1.035,0.673c-0.317,0.123-0.794,0.27-1.671,0.31c-0.949,0.043-1.233,0.052-3.637,0.052 s-2.688-0.009-3.637-0.052c-0.877-0.04-1.354-0.187-1.671-0.31c-0.42-0.163-0.72-0.358-1.035-0.673 c-0.315-0.315-0.51-0.615-0.673-1.035c-0.123-0.317-0.27-0.794-0.31-1.671C4.631,14.688,4.622,14.403,4.622,12 s0.009-2.688,0.052-3.637c0.04-0.877,0.187-1.354,0.31-1.671c0.163-0.42,0.358-0.72,0.673-1.035 c0.315-0.315,0.615-0.51,1.035-0.673c0.317-0.123,0.794-0.27,1.671-0.31C9.312,4.631,9.597,4.622,12,4.622 M12,3 C9.556,3,9.249,3.01,8.289,3.054C7.331,3.098,6.677,3.25,6.105,3.472C5.513,3.702,5.011,4.01,4.511,4.511 c-0.5,0.5-0.808,1.002-1.038,1.594C3.25,6.677,3.098,7.331,3.054,8.289C3.01,9.249,3,9.556,3,12c0,2.444,0.01,2.751,0.054,3.711 c0.044,0.958,0.196,1.612,0.418,2.185c0.23,0.592,0.538,1.094,1.038,1.594c0.5,0.5,1.002,0.808,1.594,1.038 c0.572,0.222,1.227,0.375,2.185,0.418C9.249,20.99,9.556,21,12,21s2.751-0.01,3.711-0.054c0.958-0.044,1.612-0.196,2.185-0.418 c0.592-0.23,1.094-0.538,1.594-1.038c0.5-0.5,0.808-1.002,1.038-1.594c0.222-0.572,0.375-1.227,0.418-2.185 C20.99,14.751,21,14.444,21,12s-0.01-2.751-0.054-3.711c-0.044-0.958-0.196-1.612-0.418-2.185c-0.23-0.592-0.538-1.094-1.038-1.594 c-0.5-0.5-1.002-0.808-1.594-1.038c-0.572-0.222-1.227-0.375-2.185-0.418C14.751,3.01,14.444,3,12,3L12,3z M12,7.378 c-2.552,0-4.622,2.069-4.622,4.622S9.448,16.622,12,16.622s4.622-2.069,4.622-4.622S14.552,7.378,12,7.378z M12,15 c-1.657,0-3-1.343-3-3s1.343-3,3-3s3,1.343,3,3S13.657,15,12,15z M16.804,6.116c-0.596,0-1.08,0.484-1.08,1.08 s0.484,1.08,1.08,1.08c0.596,0,1.08-0.484,1.08-1.08S17.401,6.116,16.804,6.116z\"><\/path><\/svg><span class=\"wp-block-social-link-label screen-reader-text\">Instagram<\/span><\/a><\/li>\n\n<li class=\"wp-social-link wp-social-link-facebook  wp-block-social-link\"><a href=\"https:\/\/www.facebook.com\/studioharmonysv\" class=\"wp-block-social-link-anchor\" target=\"_blank\" rel=\"noopener\"><svg width=\"24\" height=\"24\" viewBox=\"0 0 24 24\" version=\"1.1\" xmlns=\"http:\/\/www.w3.org\/2000\/svg\" aria-hidden=\"true\" focusable=\"false\"><path d=\"M12 2C6.5 2 2 6.5 2 12c0 5 3.7 9.1 8.4 9.9v-7H7.9V12h2.5V9.8c0-2.5 1.5-3.9 3.8-3.9 1.1 0 2.2.2 2.2.2v2.5h-1.3c-1.2 0-1.6.8-1.6 1.6V12h2.8l-.4 2.9h-2.3v7C18.3 21.1 22 17 22 12c0-5.5-4.5-10-10-10z\"><\/path><\/svg><span class=\"wp-block-social-link-label screen-reader-text\">Facebook<\/span><\/a><\/li>\n\n<li class=\"wp-social-link wp-social-link-linkedin  wp-block-social-link\"><a href=\"https:\/\/fr.linkedin.com\/in\/stephanieveillard\" class=\"wp-block-social-link-anchor\" target=\"_blank\" rel=\"noopener\"><svg width=\"24\" height=\"24\" viewBox=\"0 0 24 24\" version=\"1.1\" xmlns=\"http:\/\/www.w3.org\/2000\/svg\" aria-hidden=\"true\" focusable=\"false\"><path d=\"M19.7,3H4.3C3.582,3,3,3.582,3,4.3v15.4C3,20.418,3.582,21,4.3,21h15.4c0.718,0,1.3-0.582,1.3-1.3V4.3 C21,3.582,20.418,3,19.7,3z M8.339,18.338H5.667v-8.59h2.672V18.338z M7.004,8.574c-0.857,0-1.549-0.694-1.549-1.548 c0-0.855,0.691-1.548,1.549-1.548c0.854,0,1.547,0.694,1.547,1.548C8.551,7.881,7.858,8.574,7.004,8.574z M18.339,18.338h-2.669 v-4.177c0-0.996-0.017-2.278-1.387-2.278c-1.389,0-1.601,1.086-1.601,2.206v4.249h-2.667v-8.59h2.559v1.174h0.037 c0.356-0.675,1.227-1.387,2.526-1.387c2.703,0,3.203,1.779,3.203,4.092V18.338z\"><\/path><\/svg><span class=\"wp-block-social-link-label screen-reader-text\">LinkedIn<\/span><\/a><\/li>\n\n<li class=\"wp-social-link wp-social-link-etsy  wp-block-social-link\"><a href=\"https:\/\/www.etsy.com\/shop\/Studioharmonysv\" class=\"wp-block-social-link-anchor\" target=\"_blank\" rel=\"noopener\"><svg width=\"24\" height=\"24\" viewBox=\"0 0 24 24\" version=\"1.1\" xmlns=\"http:\/\/www.w3.org\/2000\/svg\" aria-hidden=\"true\" focusable=\"false\"><path d=\"M9.16033,4.038c0-.27174.02717-.43478.48913-.43478h6.22283c1.087,0,1.68478.92391,2.11957,2.663l.35326,1.38587h1.05978C19.59511,3.712,19.75815,2,19.75815,2s-2.663.29891-4.23913.29891h-7.962L3.29076,2.163v1.1413L4.731,3.57609c1.00543.19022,1.25.40761,1.33152,1.33152,0,0,.08152,2.71739.08152,7.20109s-.08152,7.17391-.08152,7.17391c0,.81522-.32609,1.11413-1.33152,1.30435l-1.44022.27174V22l4.2663-.13587h7.11957c1.60326,0,5.32609.13587,5.32609.13587.08152-.97826.625-5.40761.70652-5.89674H19.7038L18.644,18.52174c-.84239,1.90217-2.06522,2.038-3.42391,2.038H11.1712c-1.3587,0-2.01087-.54348-2.01087-1.712V12.65217s3.0163,0,3.99457.08152c.76087.05435,1.22283.27174,1.46739,1.33152l.32609,1.413h1.16848l-.08152-3.55978.163-3.587H15.02989l-.38043,1.57609c-.24457,1.03261-.40761,1.22283-1.46739,1.33152-1.38587.13587-4.02174.1087-4.02174.1087Z\"><\/path><\/svg><span class=\"wp-block-social-link-label screen-reader-text\">Etsy<\/span><\/a><\/li><\/ul>\n\n\n\n<p><\/p>\n","protected":false},"excerpt":{"rendered":"<p>Cr\u00e9er, transmettre, illustrer\u2026 Entre graphisme et illustration, je con\u00e7ois des cr\u00e9ations illustr\u00e9es et visuels sur mesure : logos, affiches, illustrations,<\/p>\n<p><a href=\"https:\/\/harmony-couleurs.com\/\" class=\"more-link\">Continue reading<span class=\"screen-reader-text\">Cr\u00e9ations illustr\u00e9es pour marques, \u00e9ditions et objets imprim\u00e9s<\/span><\/a><\/p>\n","protected":false},"author":1,"featured_media":0,"parent":0,"menu_order":0,"comment_status":"closed","ping_status":"closed","template":"","meta":{"_themeisle_gutenberg_block_has_review":false,"_vp_format_video_url":"","_vp_image_focal_point":[],"footnotes":""},"class_list":["post-25","page","type-page","status-publish","hentry"],"jetpack_sharing_enabled":true,"_links":{"self":[{"href":"https:\/\/harmony-couleurs.com\/index.php\/wp-json\/wp\/v2\/pages\/25","targetHints":{"allow":["GET"]}}],"collection":[{"href":"https:\/\/harmony-couleurs.com\/index.php\/wp-json\/wp\/v2\/pages"}],"about":[{"href":"https:\/\/harmony-couleurs.com\/index.php\/wp-json\/wp\/v2\/types\/page"}],"author":[{"embeddable":true,"href":"https:\/\/harmony-couleurs.com\/index.php\/wp-json\/wp\/v2\/users\/1"}],"replies":[{"embeddable":true,"href":"https:\/\/harmony-couleurs.com\/index.php\/wp-json\/wp\/v2\/comments?post=25"}],"version-history":[{"count":290,"href":"https:\/\/harmony-couleurs.com\/index.php\/wp-json\/wp\/v2\/pages\/25\/revisions"}],"predecessor-version":[{"id":3292,"href":"https:\/\/harmony-couleurs.com\/index.php\/wp-json\/wp\/v2\/pages\/25\/revisions\/3292"}],"wp:attachment":[{"href":"https:\/\/harmony-couleurs.com\/index.php\/wp-json\/wp\/v2\/media?parent=25"}],"curies":[{"name":"wp","href":"https:\/\/api.w.org\/{rel}","templated":true}]}}